{"id":10489,"date":"2019-02-02T22:56:14","date_gmt":"2019-02-02T20:56:14","guid":{"rendered":"https:\/\/biaf.be\/stage\/home\/"},"modified":"2026-04-23T16:04:10","modified_gmt":"2026-04-23T14:04:10","slug":"home","status":"publish","type":"page","link":"https:\/\/biaf.be\/fr\/","title":{"rendered":"home"},"content":{"rendered":"<div class=\"wp-block-image\">\n<figure class=\"aligncenter size-large\"><img fetchpriority=\"high\" decoding=\"async\" width=\"804\" height=\"1024\" src=\"https:\/\/biaf.be\/wp\/wp-content\/uploads\/hgj-804x1024.jpg\" alt=\"\" class=\"wp-image-13898\" srcset=\"https:\/\/biaf.be\/wp\/wp-content\/uploads\/hgj-804x1024.jpg 804w, https:\/\/biaf.be\/wp\/wp-content\/uploads\/hgj-236x300.jpg 236w, https:\/\/biaf.be\/wp\/wp-content\/uploads\/hgj-768x978.jpg 768w, https:\/\/biaf.be\/wp\/wp-content\/uploads\/hgj-1207x1536.jpg 1207w, https:\/\/biaf.be\/wp\/wp-content\/uploads\/hgj-1609x2048.jpg 1609w, https:\/\/biaf.be\/wp\/wp-content\/uploads\/hgj-500x636.jpg 500w, https:\/\/biaf.be\/wp\/wp-content\/uploads\/hgj-800x1018.jpg 800w, https:\/\/biaf.be\/wp\/wp-content\/uploads\/hgj-1280x1629.jpg 1280w, https:\/\/biaf.be\/wp\/wp-content\/uploads\/hgj-1920x2444.jpg 1920w, https:\/\/biaf.be\/wp\/wp-content\/uploads\/hgj-118x150.jpg 118w, https:\/\/biaf.be\/wp\/wp-content\/uploads\/hgj-416x530.jpg 416w, https:\/\/biaf.be\/wp\/wp-content\/uploads\/hgj-600x764.jpg 600w, https:\/\/biaf.be\/wp\/wp-content\/uploads\/hgj-scaled.jpg 2011w\" sizes=\"(max-width: 804px) 100vw, 804px\" \/><\/figure>\n<\/div>\n\n\n<div class=\"wp-block-columns has-2-columns is-layout-flex wp-container-core-columns-is-layout-9d6595d7 wp-block-columns-is-layout-flex\">\n<div class=\"wp-block-column is-layout-flow wp-block-column-is-layout-flow\">\n<p class=\"has-text-align-right ticketad\" style=\"font-size:39px\"><em>''La rencontre entre l'artiste et le visiteur''<\/em><\/p>\n\n\n\n<div class=\"wp-block-buttons is-content-justification-right is-layout-flex wp-container-core-buttons-is-layout-255577d1 wp-block-buttons-is-layout-flex\">\n<div class=\"wp-block-button aligncenter ticketad\"><a class=\"wp-block-button__link has-text-color has-background has-text-align-right no-border-radius wp-element-button\" href=\"https:\/\/biaf.be\/fr\/participer\/\" style=\"color:#ffffff;background-color:#448b90\" target=\"_blank\" rel=\"noreferrer noopener\">s'inscrire maintenant<\/a><\/div>\n<\/div>\n<\/div>\n\n\n\n<div class=\"wp-block-column is-vertically-aligned-top is-layout-flow wp-block-column-is-layout-flow\">\n<p><em>La Belgian international Art Fair<\/em>, ou BiAF, aura lieu les samedi 10 et dimanche 11 octobre 2026 au Waagnatie Expo &amp; Events \u00e0 Anvers.<br><br>L'aspect unique de cette foire est que vous aurez l'occasion de rencontrer les artistes eux-m\u00eames. Ce sont eux qui donnent sa couleur \u00e0 la plateforme et qui sont heureux d'exposer leurs \u0153uvres et de les proposer \u00e0 la vente.<br>Ils pourront ainsi vous parler de leur passion et de leurs id\u00e9es.<\/p>\n\n\n\n<p class=\"has-text-align-left\">Nous encourageons, avec passion et professionnalisme, l'observation et l'achat d'\u0153uvres d'art visuel dans diff\u00e9rentes disciplines sur le territoire belge.<\/p>\n\n\n\n<div class=\"wp-block-buttons is-content-justification-left is-layout-flex wp-container-core-buttons-is-layout-fdcfc74e wp-block-buttons-is-layout-flex\"><\/div>\n<\/div>\n<\/div>\n","protected":false},"excerpt":{"rendered":"<p>\u00a0\u00bbLa rencontre entre l&rsquo;artiste et le visiteur\u00a0\u00bb La Belgian international Art Fair, ou BiAF, aura lieu les samedi 10 et dimanche 11 octobre 2026 au Waagnatie Expo &amp; Events \u00e0 Anvers. L&rsquo;aspect unique de cette foire est que vous aurez l&rsquo;occasion de rencontrer les artistes eux-m\u00eames. Ce sont eux qui donnent sa couleur \u00e0 la plateforme et qui sont heureux d&rsquo;exposer leurs \u0153uvres et de les proposer \u00e0 la vente.Ils pourront ainsi vous parler de leur passion et de leurs id\u00e9es. Nous encourageons, avec passion et professionnalisme, l&rsquo;observation et l&rsquo;achat d&rsquo;\u0153uvres d&rsquo;art visuel dans diff\u00e9rentes disciplines sur le territoire belge.<\/p>\n","protected":false},"author":2,"featured_media":0,"parent":0,"menu_order":-1,"comment_status":"closed","ping_status":"closed","template":"","meta":{"_vp_format_video_url":"","_vp_image_focal_point":[],"footnotes":""},"class_list":["post-10489","page","type-page","status-publish","hentry"],"_links":{"self":[{"href":"https:\/\/biaf.be\/fr\/wp-json\/wp\/v2\/pages\/10489","targetHints":{"allow":["GET"]}}],"collection":[{"href":"https:\/\/biaf.be\/fr\/wp-json\/wp\/v2\/pages"}],"about":[{"href":"https:\/\/biaf.be\/fr\/wp-json\/wp\/v2\/types\/page"}],"author":[{"embeddable":true,"href":"https:\/\/biaf.be\/fr\/wp-json\/wp\/v2\/users\/2"}],"replies":[{"embeddable":true,"href":"https:\/\/biaf.be\/fr\/wp-json\/wp\/v2\/comments?post=10489"}],"version-history":[{"count":3,"href":"https:\/\/biaf.be\/fr\/wp-json\/wp\/v2\/pages\/10489\/revisions"}],"predecessor-version":[{"id":13903,"href":"https:\/\/biaf.be\/fr\/wp-json\/wp\/v2\/pages\/10489\/revisions\/13903"}],"wp:attachment":[{"href":"https:\/\/biaf.be\/fr\/wp-json\/wp\/v2\/media?parent=10489"}],"curies":[{"name":"wp","href":"https:\/\/api.w.org\/{rel}","templated":true}]}}

<div class="wp-block-image">
<figure class="aligncenter size-large"><img fetchpriority="high" decoding="async" width="804" height="1024" src="https://biaf.be/wp/wp-content/uploads/hgj-804x1024.jpg" alt="" class="wp-image-13898" srcset="https://biaf.be/wp/wp-content/uploads/hgj-804x1024.jpg 804w, https://biaf.be/wp/wp-content/uploads/hgj-236x300.jpg 236w, https://biaf.be/wp/wp-content/uploads/hgj-768x978.jpg 768w, https://biaf.be/wp/wp-content/uploads/hgj-1207x1536.jpg 1207w, https://biaf.be/wp/wp-content/uploads/hgj-1609x2048.jpg 1609w, https://biaf.be/wp/wp-content/uploads/hgj-500x636.jpg 500w, https://biaf.be/wp/wp-content/uploads/hgj-800x1018.jpg 800w, https://biaf.be/wp/wp-content/uploads/hgj-1280x1629.jpg 1280w, https://biaf.be/wp/wp-content/uploads/hgj-1920x2444.jpg 1920w, https://biaf.be/wp/wp-content/uploads/hgj-118x150.jpg 118w, https://biaf.be/wp/wp-content/uploads/hgj-416x530.jpg 416w, https://biaf.be/wp/wp-content/uploads/hgj-600x764.jpg 600w, https://biaf.be/wp/wp-content/uploads/hgj-scaled.jpg 2011w" sizes="(max-width: 804px) 100vw, 804px" /></figure>
</div>


<div class="wp-block-columns has-2-columns is-layout-flex wp-container-core-columns-is-layout-9d6595d7 wp-block-columns-is-layout-flex">
<div class="wp-block-column is-layout-flow wp-block-column-is-layout-flow">
<p class="has-text-align-right ticketad" style="font-size:39px"><em>''La rencontre entre l'artiste et le visiteur''</em></p>



<div class="wp-block-buttons is-content-justification-right is-layout-flex wp-container-core-buttons-is-layout-255577d1 wp-block-buttons-is-layout-flex">
<div class="wp-block-button aligncenter ticketad"><a class="wp-block-button__link has-text-color has-background has-text-align-right no-border-radius wp-element-button" href="https://biaf.be/fr/participer/" style="color:#ffffff;background-color:#448b90" target="_blank" rel="noreferrer noopener">s'inscrire maintenant</a></div>
</div>
</div>



<div class="wp-block-column is-vertically-aligned-top is-layout-flow wp-block-column-is-layout-flow">
<p><em>La Belgian international Art Fair</em>, ou BiAF, aura lieu les samedi 10 et dimanche 11 octobre 2026 au Waagnatie Expo &amp; Events à Anvers.<br><br>L'aspect unique de cette foire est que vous aurez l'occasion de rencontrer les artistes eux-mêmes. Ce sont eux qui donnent sa couleur à la plateforme et qui sont heureux d'exposer leurs œuvres et de les proposer à la vente.<br>Ils pourront ainsi vous parler de leur passion et de leurs idées.</p>



<p class="has-text-align-left">Nous encourageons, avec passion et professionnalisme, l'observation et l'achat d'œuvres d'art visuel dans différentes disciplines sur le territoire belge.</p>



<div class="wp-block-buttons is-content-justification-left is-layout-flex wp-container-core-buttons-is-layout-fdcfc74e wp-block-buttons-is-layout-flex"></div>
</div>
</div>

<p> »La rencontre entre l&rsquo;artiste et le visiteur » La Belgian international Art Fair, ou BiAF, aura lieu les samedi 10 et dimanche 11 octobre 2026 au Waagnatie Expo &amp; Events à Anvers. L&rsquo;aspect unique de cette foire est que vous aurez l&rsquo;occasion de rencontrer les artistes eux-mêmes. Ce sont eux qui donnent sa couleur à la plateforme et qui sont heureux d&rsquo;exposer leurs œuvres et de les proposer à la vente.Ils pourront ainsi vous parler de leur passion et de leurs idées. Nous encourageons, avec passion et professionnalisme, l&rsquo;observation et l&rsquo;achat d&rsquo;œuvres d&rsquo;art visuel dans différentes disciplines sur le territoire belge.</p>
